(-65))/(-4)).
5, 13
Let o = 10 + -5. Suppose o*j + 16 - 126 = 0. List the prime factors of j.
2, 11
Let g(a) be the third derivative of -1/24*a**4 + 1/3*a**3 + 0*a - 7/60*a**5 + 1/60*a**6 + 10*a**2 + 0. List the prime factors of g(5).
2, 3
Suppose 0 = 3*w - 6, 5*m + 4*w + w - 15 = 0. Suppose -2*a + 1 = -m, -109 = -3*u - a. What are the prime factors of u?
2, 3
Suppose -11 = -3*o - 5*x, -4*x = 2*o - 2 - 8. What are the prime factors of 92 - (0/(-1) + o)?
5, 19
Suppose 2 = -x - 3, -5*x = 4*p - 155. Let l = 73 - p. What are the prime factors of l?
2, 7
Let k(t) = 208*t + 103. List the prime factors of k(7).
1559
Suppose -8*w = -424 - 1464. Let f = -3 + w. What are the prime factors of f?
233
Suppose 0 = 5*l - 57 - 33. Let p(u) = u**3 - 19*u**2 + 22*u - 25. What are the prime factors of p(l)?
47
Suppose 0 = -17*g + 7*g - 30080. List the prime factors of (-4)/(-26) - g/52.
2, 29
Let x(t) be the second derivative of -t**4/12 + 5*t**3/6 - 5*t**2/2 + 2*t. Let n(w) be the first derivative of x(w). List the prime factors of n(-9).
23
Suppose -2*w = w + 4*p - 16, -4*w = 3*p - 19. Suppose -4*s = -0*s, 0 = 5*b - w*s - 15. Suppose -b*n + n = c - 21, n = -3*c + 3. What are the prime factors of n?
2, 3
Suppose -4*s + 57 = 217. What are the prime factors of -5*(3/2 - (-892)/s)?
2, 13
Let k = 51 + -45. Let a(t) = 2*t**3 - 5*t**2 - 5*t - 5. List the prime factors of a(k).
7, 31
Suppose -3*t + 9*t = 24. Let k be -2*(-2 - (-2)/t). List the prime factors of -3 + (-24)/(k - 4).
3, 7
Let v be ((-3)/(-1))/(-9)*-12. Suppose 3*i - 11 = -v*x, -x - 4 = 2*i + i. Suppose x*f = m - 12, 4*f - 38 = -m - m. What are the prime factors of m?
17
Suppose -g + 14*g = 11141. List the prime factors of g.
857
Let t(d) = -3*d**2 + 39*d - 32. Let p(a) = a**2 - 13*a + 11. Let m(l) = -8*p(l) - 3*t(l). Let b be m(10). Let f = b + 45. What are the prime factors of f?
23
Suppose 2*s - 12 = -3*l, 0 = 3*l - s + 5*s - 6. Suppose 2*w - l = 4. Suppose 38 = y + w. What are the prime factors of y?
3, 11
Suppose 0 = -3*o - 5*h + 400, -265 = o - 3*o - 3*h. Suppose m - 33 = -k, -5*m + k = -2*k - o. Let l = m + -22. List the prime factors of l.
2, 3
List the prime factors of (-24255)/(-285) + 4 + 2/(-19).
89
Suppose 50*a - 23677 = -5527. What are the prime factors of a?
3, 11
Let r(f) = 10*f + 23. List the prime factors of r(27).
293
List the prime factors of 12682/4 + (-4)/8 + 1.
3, 7, 151
Let h = 330 + 288. List the prime factors of h.
2, 3, 103
Suppose 0 = 16*m - 8005 - 6011. What are the prime factors of m?
2, 3, 73
Suppose -1875 + 21063 = 18*y. List the prime factors of y.
2, 13, 41
Suppose 4*s - 24 = -5*a, -s + 0*a = 5*a - 6. Suppose -s = u - 2*v + 5, -3*u + 4*v = 23. What are the prime factors of (3 + 39)/((-2)/u)?
3, 7
Let d = -168 + 248. What are the prime factors of d?
2, 5
Suppose 5*h - 6454 = -2*f, -5*f + 5*h + 6837 = -9298. List the prime factors of f.
7, 461
Suppose 5*g = 3*d - 2*d + 7, -12 = -3*g - 2*d. List the prime factors of -44*(g - (-6)/(-4))/(-1).
2, 11
Suppose -5*b + 4*c + 3300 = 0, -b + c + 175 + 486 = 0. List the prime factors of b.
2, 41
Let h be -1 + (-3)/(-3) + 1. Suppose y = -v + h, 2*y - 2 = -2*v + 6*v. Suppose v*l - l = -5. List the prime factors of l.
5
Let p(o) be the third derivative of o**5/15 + 3*o**4/4 - o**3 + 43*o**2. List the prime factors of p(-8).
2, 53
Let q = -1 - -1. Suppose 3*n + 6 = -r + 34, q = 3*r - 3*n - 84. List the prime factors of r.
2, 7
Let v be (-1 - -3)*(-19)/2. Let p = v - -57. List the prime factors of p.
2, 19
List the prime factors of -2*5/15*(-2220)/2.
2, 5, 37
Let u be 2 + 9/((-6)/(-2)). Let g = u - -2. Suppose g*j - 3*j = 44. List the prime factors of j.
11
Let h be 52*(-2)/20*-5. Let j = 39 - h. List the prime factors of j.
13
Suppose 0 = 5*w + 4*n - 98, -2*w + 30 = -0*w - 3*n. Suppose w*q - 21*q = -222. What are the prime factors of q?
2, 37
Let m(o) = 17*o + 15. Let l(t) = -16*t - 15. Let z(b) = 4*l(b) + 3*m(b). What are the prime factors of z(-5)?
2, 5
Suppose -74 = -0*z + 5*z - 2*r, 3*z + 4*r = -34. Let g(f) = f + 15. Let u be g(z). What are the prime factors of -3 - -3 - u - -11?
2, 5
Let u = 459 - -422. What are the prime factors of u?
881
Let m be 3 + (16 - 1) + 1. Let w(x) = x**3 - 5*x**2 - 7*x + 6. Let a be w(6). Suppose g - m = -a*g. List the prime factors of g.
19
Let n(k) = -6*k - 10. Let w(g) = -7*g - 9. Let b(s) = -3*n(s) + 2*w(s). Let m be b(-11). List the prime factors of 120/(-16)*m/6.
2, 5
Let u = -9 + 16. Suppose u*p - 144 = 80. What are the prime factors of p?
2
Suppose 0 = 212*c - 206*c - 1098. What are the prime factors of c?
3, 61
Let h be 4/(-1) + (-4 - 4). Let k(r) = r**3 + 11*r**2 - 13*r - 4. Let o be k(h). Suppose 0*s = -o*s + 160. List the prime factors of s.
2, 5
Let y(h) = h**3 - h**2 - 23*h - 52. List the prime factors of y(10).
2, 3, 103
Let i(u) = u**2 - 3*u + 3. Let p be i(1). Let t = p - -8. Let k = t - -1. List the prime factors of k.
2, 5
Let m(y) = y**2 - 4*y - 96. List the prime factors of m(39).
3, 47
Let g be 6/6 + (5 - 0). Suppose g*x = 5*x. Suppose 5*h + 4*c - 102 = x, 3*h - 7*c + 3*c = 42. List the prime factors of h.
2, 3
Let j(t) = 23*t**2 - t + 8. Let r be j(-3). Suppose 4*z = 4*a + 228, -3*z - z + 2*a + r = 0. What are the prime factors of z?
2, 13
Let f(a) = a**2 + 6*a + 1. Let s be f(-5). Suppose 18 = 2*o + 6. What are the prime factors of 207/o + 2/s?
2, 17
Suppose -2*p = -8, 5*y + 4*p = 3*p - 146. Let c = 44 + y. What are the prime factors of c?
2, 7
Let c = 47 - -254. List the prime factors of c.
7, 43
Let b = -8 + 12. Let i(a) = 3*a**2 - a + 21. What are the prime factors of i(b)?
5, 13
Let h(f) be the third derivative of f**5/60 - f**4/6 + 11*f**3/3 + 17*f**2. List the prime factors of h(6).
2, 17
Suppose q + 3*a + 23 = 8, 4*a = 3*q + 84. List the prime factors of (2220/(-8))/3*q/20.
3, 37
Let d = 98 - 100. What are the prime factors of 3 - (0 - (214 + d))?
5, 43
Let t(o) = -7*o + 365. What are the prime factors of t(-15)?
2, 5, 47
Suppose -553 + 5689 = 24*j. List the prime factors of j.
2, 107
Suppose -1704 - 1312 = -8*h. List the prime factors of h.
13, 29
Let q = -698 - -1307. Suppose 0 = 6*h + h - q. List the prime factors of h.
3, 29
Let b(d) = -d - 2. Let m(g) = -2*g - 5. Let u(a) = 5*b(a) - 2*m(a). Let i(o) = -2*o**2 + 14*o - 3. Let p(v) = -i(v) - 6*u(v). List the prime factors of p(6).
3
Suppose -43*f + 19*f + 79320 = 0. What are the prime factors of f?
5, 661
Suppose 3*v + 1893 = 4*f, f + 5*v - 376 = 80. What are the prime factors of f?
3, 157
Let z be 27/27 - ((-104 - -1) + 0). Suppose -d + 3 = -0*d. Suppose -j - d*j = -z. List the prime factors of j.
2, 13
Let f = -5 + 3. Suppose 10 - 150 = 5*s. Let h = f - s. List the prime factors of h.
2, 13
Let j = -32 + 61. Suppose -4*l = -63 - j. List the prime factors of l.
23
Let f = -70 + 82. Suppose x - f = -5*x. What are the prime factors of x?
2
Let k(c) = -c**3 - 8*c**2 + c + 11. Let r be k(-8). Suppose -2*i + 36 = -z - r*i, -4*z - 2*i - 152 = 0. List the prime factors of (-10)/z + (-79)/(-4).
2, 5
Suppose -5*q = 798 - 198. Let x = -69 - q. What are the prime factors of x?
3, 17
Let h = -84 + 84. Suppose h*t + 4*t + 5*s - 41 = 0, 4*s + 32 = 4*t. What are the prime factors of t?
3
What are the prime factors of (895/(-20)*6)/((-3)/6)?
3, 179
Suppose 237 = 4*t - 4431. What are the prime factors of t?
3, 389
Suppose 8*f - 3378 = -2*u + 4*f, -4*u = -f - 6765. List the prime factors of u.
19, 89
Let g(r) = r**3 - 29*r**2 + 25*r + 112. What are the prime factors of g(28)?
2, 7
Suppose 7*d + 88 + 157 = 0. Suppose -7*f + 295 = -2*f. Let p = d + f. List the prime factors of p.
2, 3
Let d be (-1)/((-2)/9)*(-4 + 10). Suppose 2*k - 139 = d. What are the prime factors of k?
83
Suppose 0 = -g - 6 + 2, -3*g = 3*w - 24. Let a = w + -8. Suppose a*r + i = 89, -2*r - 3*i + 69 = r. List the prime factors of r.
2, 11
Suppose 7*n = 2*n + 35. Let p be 5/((-70)/12)*n. List the prime factors of p + 3 + 1 - -29.
3
Suppose 3*y + 9*m - 6*m = 9663, -3*m = y - 3231. What are the prime factors of y?
2, 3, 67
Let v(b) = -3*b + 95. Let m be v(0). Suppose 0 = 5*n - 275 + m. List the prime factors of n.
2, 3
Let x(z) = z**2 + 4*z + 2. Let n be x(-4). Let a = -529 - -547. Suppose -3*y + a = -4*d, n*y - 2*d + 6 = 18. What are the prime factors of y?
2, 3
Let c 